8
Convert 19 (base 16) to base 7.
34
35 (base 11) to base 12
32
What is 303 (base 7) in base 9?
176
What is 2112 (base 3) in base 9?
75
What is -253 (base 6) in base 5?
-410
-1012 (base 5) to base 11
-110
-23 (base 4) to base 13
-b
-140 (base 8) to base 4
-1200
Convert 6 (base 9) to base 12.
6
Convert -10101 (base 2) to base 15.
-16
Convert -6 (base 9) to base 10.
-6
Convert -2201 (base 3) to base 15.
-4d
What is -213 (base 6) in base 13?
-63
-8 (base 12) to base 4
-20
Convert 18 (base 16) to base 12.
20
Convert -2b (base 15) to base 16.
-29
What is 1 (base 14) in base 7?
1
144 (base 7) to base 6
213
-26 (base 7) to base 8
-24
What is 5 (base 14) in base 9?
5
Convert -143 (base 5) to base 7.
-66
-5 (base 11) to base 5
-10
Convert 5 (base 6) to base 9.
5
Convert -17 (base 13) to base 11.
-19
Convert -c2 (base 16) to base 10.
-194
11 (base 11) to base 3
110
What is 11021 (base 3) in base 5?
430
1 (base 11) to base 13
1
What is -21 (base 9) in base 16?
-13
58 (base 13) to base 10
73
-100011 (base 2) to base 8
-43
18 (base 12) to base 7
26
Convert -160 (base 7) to base 15.
-61
What is a6 (base 12) in base 3?
11200
Convert -1001 (base 2) to base 14.
-9
-3 (base 7) to base 11
-3
110 (base 2) to base 12
6
-4 (base 11) to base 6
-4
61 (base 8) to base 3
1211
What is -1030 (base 5) in base 10?
-140
Convert -1 (base 6) to base 14.
-1
Convert 1 (base 14) to base 13.
1
-34 (base 5) to base 16
-13
Convert -10001 (base 2) to base 11.
-16
Convert 0 (base 8) to base 11.
0
What is -7 (base 10) in base 14?
-7
-44 (base 16) to base 3
-2112
What is -14 (base 5) in base 14?
-9
What is 8 (base 15) in base 10?
8
What is -1100100 (base 2) in base 14?
-72
What is 100001 (base 2) in base 10?
33
What is 196 (base 11) in base 4?
3202
What is 97 (base 15) in base 14?
a2
5 (base 10) to base 15
5
Convert -42 (base 12) to base 3.
-1212
What is -2 (base 9) in base 10?
-2
Convert -222 (base 6) to base 7.
-152
-110000 (base 2) to base 16
-30
What is 1001001 (base 2) in base 10?
73
Convert -2202 (base 3) to base 16.
-4a
Convert 62 (base 7) to base 8.
54
What is 12 (base 16) in base 14?
14
What is -165 (base 9) in base 6?
-352
What is 14 (base 7) in base 9?
12
What is 5d (base 15) in base 7?
154
152 (base 11) to base 12
12a
What is 120 (base 4) in base 15?
19
Convert 3 (base 5) to base 3.
10
20 (base 8) to base 4
100
Convert -174 (base 8) to base 14.
-8c
-276 (base 8) to base 7
-361
Convert -40 (base 7) to base 2.
-11100
Convert -1000 (base 2) to base 11.
-8
-d4 (base 16) to base 10
-212
What is 26 (base 12) in base 13?
24
33 (base 11) to base 13
2a
Convert 29 (base 12) to base 9.
36
-11 (base 5) to base 3
-20
10100 (base 2) to base 16
14
What is -2 (base 10) in base 3?
-2
-10 (base 3) to base 10
-3
What is -22 (base 9) in base 16?
-14
-5 (base 7) to base 11
-5
-12 (base 5) to base 12
-7
What is 32 (base 8) in base 3?
222
What is 133 (base 7) in base 11?
67
What is 57 (base 12) in base 7?
124
5 (base 13) to base 6
5
-2 (base 5) to base 2
-10
What is -2 (base 12) in base 13?
-2
What is 22 (base 7) in base 9?
17
Convert 3 (base 12) to base 10.
3
Convert -415 (base 6) to base 10.
-155
Convert e (base 15) to base 9.
15
1 (base 2) to base 13
1
Convert -15 (base 7) to base 4.
-30
4 (base 14) to base 2
100
14 (base 8) to base 10
12
-323 (base 6) to base 5
-443
What is -1b (base 16) in base 15?
-1c
Convert 43 (base 16) to base 9.
74
3 (base 12) to base 10
3
Convert 1 (base 4) to base 5.
1
Convert 42 (base 5) to base 15.
17
What is -30 (base 4) in base 9?
-13
What is -4 (base 14) in base 7?
-4
-10 (base 3) to base 7
-3
What is 32 (base 7) in base 4?
113
Convert 214 (base 7) to base 5.
414
What is 1 (base 13) in base 10?
1
9d (base 15) to base 2
10010100
What is 28 (base 15) in base 7?
53
Convert -72 (base 13) to base 9.
-113
Convert -21 (base 6) to base 7.
-16
Convert 321 (base 5) to base 2.
1010110
Convert 3 (base 14) to base 9.
3
Convert -65 (base 8) to base 15.
-38
Convert -22 (base 8) to base 3.
-200
Convert -334 (base 10) to base 6.
-1314
-1 (base 2) to base 5
-1
0 (base 4) to base 10
0
What is -3 (base 5) in base 7?
-3
Convert 15 (base 6) to base 15.
b
3 (base 9) to base 8
3
Convert -5 (base 10) to base 7.
-5
1 (base 9) to base 15
1
What is -3020 (base 4) in base 7?
-404
Convert 8 (base 9) to base 5.
13
-1 (base 4) to base 9
-1
-3 (base 10) to base 12
-3
3 (base 5) to base 11
3
Convert -1001 (base 2) to base 14.
-9
10010 (base 2) to base 8
22
What is 37 (base 9) in base 12?
2a
10 (base 3) to base 8
3
Convert -5 (base 9) to base 15.
-5
What is 5 (base 13) in base 10?
5
Convert -12 (base 6) to base 10.
-8
Convert -100 (base 2) to base 6.
-4
Convert -2d (base 15) to base 5.
-133
2 (base 15) to base 6
2
What is d (base 15) in base 11?
12
What is 4 (base 14) in base 9?
4
Convert -11 (base 6) to base 2.
-111
What is -13 (base 4) in base 13?
-7
1100 (base 2) to base 5
22
-17 (base 14) to base 12
-19
Convert 4 (base 5) to base 13.
4
1 (base 5) to base 9
1
What is 20 (base 3) in base 15?
6
Convert 3 (base 5) to base 16.
3
What is -146 (base 7) in base 6?
-215
What is 1 (base 14) in base 2?
1
Convert -170 (base 12) to base 14.
-124
304 (base 5) to base 12
67
11 (base 7) to base 14
8
Convert 14 (base 5) to base 4.
21
What is -5 (base 9) in base 6?
-5
10 (base 2) to base 15
2
-114 (base 9) to base 11
-86
Convert -22 (base 4) to base 9.
-11
-b (base 15) to base 4
-23
Convert -3 (base 16) to base 3.
-10
What is -1c (base 13) in base 5?
-100
15 (base 14) to base 9
21
-1 (base 7) to base 4
-1
What is 2b (base 12) in base 7?
50
1a (base 12) to base 15
17
Convert -24 (base 5) to base 7.
-20
-10 (base 3) to base 12
-3
Convert 11 (base 2) to base 10.
3
30 (base 4) to base 11
11
What is -24 (base 6) in base 3?
-121
Convert 5 (base 13) to base 2.
101
What is 2133 (base 4) in base 10?
159
38 (base 11) to base 8
51
Convert -11 (base 5) to base 6.
-10
What is -4 (base 9) in base 11?
-4
What is 51 (base 14) in base 12?
5b
-35 (base 7) to base 12
-22
What is -15 (base 10) in base 2?
-1111
What is 13 (base 11) in base 7?
20
303 (base 8) to base 2
11000011
Convert -11 (base 3) to base 8.
-4
Convert 19 (base 13) to base 10.
22
What is 119 (base 12) in base 5?
1130
What is -9 (base 12) in base 11?
-9
1132 (base 5) to base 12
11b
What is 17 (base 12) in base 15?
14
What is 2 (base 15) in base 4?
2
What is -28 (base 9) in base 5?
-101
What is 2 (base 14) in base 9?
2
Convert 100 (base 5) to base 11.
23
Convert 3a (base 14) to base 10.
52
-2 (base 4) to base 7
-2
Convert c (base 14) to base 2.
1100
Convert 6 (base 8) to base 11.
6
4 (base 6) to base 10
4
Convert -10212 (base 3) to base 8.
-150
What is -38 (base 16) in base 4?
-320
126 (base 8) to base 10
86
Convert -11 (base 4) to base 11.
-5
What is 1 (base 3) in base 12?
1
43 (base 6) to base 9
30
What is 4 (base 15) in base 6?
4
Convert 0 (base 8) to base 10.
0
What is 13 (base 9) in base 15?
c
1 (base 9) to base 5
1
What is -2 (base 12) in base 16?
-2
-18 (base 10) to base 16
-12
What is -16 (base 7) in base 13?
-10
Convert -6 (base 7) to base 9.
-6
What is -102 (base 3) in base 15?
-b
-5 (base 14) to base 15
-5
What is 7 (base 12) in base 15?
7
Convert 0 (base 14) to base 3.
0
131 (base 10) to base 2
10000011
What is -103 (base 4) in base 11?
-18
Convert -a7 (base 12) to base 13.
-9a
-180 (base 16) to base 10
-384
What is -2 (base 14) in base 11?
-2
What is 67 (base 9) in base 6?
141
2 (base 6) to base 16
2
What is -56 (base 8) in base 10?
-46
Convert 4 (base 6) to base 3.
11
Convert 4 (base 15) to base 6.
4
What is -1 (base 9) in base 11?
-1
-140 (base 12) to base 4
-3000
Convert 101 (base 3) to base 7.
13
What is -2 (base 14) in base 2?
-10
What is 100 (base 2) in base 16?
4
What is b (base 12) in base 5?
21
What is 29 (base 15) in base 12?
33
Convert -1110 (base 5) to base 7.
-311
Convert 30 (base 14) to base 11.
39
Convert 0 (base 14) to base 13.
0
Convert 1 (base 11) to base 3.
1
-11 (base 6) to base 3
-21
34 (base 8) to base 12
24
What is 3 (base 7) in base 2?
11
0 (base 4) to base 8
0
-29 (base 16) to base 2
-101001
-210 (base 3) to base 8
-25
Convert 10 (base 8) to base 5.
13
Convert -2 (base 5) to base 8.
-2
-1b (base 14) to base 5
-100
What is -2 (base 10) in base 4?
-2
10101 (base 2) to base 13
18
What is -31 (base 9) in base 3?
-1001
-62 (base 